culate o(-20).
9
Let g(s) = -s**3 + 18*s**2 + s - 25. Determine g(18).
-7
Let u(p) = -p**2 - p + 16. Determine u(-5).
-4
Let m(g) = g**3 + 9*g**2 - 2*g - 8. Determine m(-9).
10
Let q(u) = u - 13. Determine q(7).
-6
Let m(d) = 2*d - 4. Determine m(-3).
-10
Let l(d) = d**3 - 6*d**2 - 8*d + 9. Give l(6).
-39
Let g(f) = f**3 - 4*f**2 + 2*f + 2. Calculate g(3).
-1
Let u(j) = -j**3 + 10*j**2 - 3*j + 156. What is u(11)?
2
Let g(m) = m + 17. Determine g(-9).
8
Let b(w) = -6*w + 12. What is b(2)?
0
Let k(r) = -r**3 + 4*r**2 + 2*r - 15. What is k(4)?
-7
Let c(k) = -4*k + 31. Determine c(8).
-1
Let q(n) = 33*n - 63. Give q(2).
3
Let c(f) = -f**2 + 9*f - 17. Determine c(5).
3
Let a(v) = v**3 + 14*v**2 - 2*v. Calculate a(-14).
28
Let h(y) = 12*y + 17. Calculate h(-1).
5
Let l(o) = -o**3 - 15*o**2 - 4*o + 14. Give l(-15).
74
Let b(h) = 2*h**2 + 18*h + 11. Determine b(-12).
83
Let d(m) = 2*m - 33. Determine d(10).
-13
Let s(f) = -25*f - 1. Calculate s(1).
-26
Let b(g) = -g - 11. Give b(-5).
-6
Let g(o) = -o + 15. Give g(16).
-1
Let w(f) = f**3 + 3*f**2 - 2*f - 17. Calculate w(-5).
-57
Let r(a) = -a**3 - 8*a**2 - 7. What is r(-8)?
-7
Let y(x) = -3*x**2 + 20*x + 5. Calculate y(7).
-2
Let w(t) = -7*t - 39. Determine w(-6).
3
Let h(d) = 2*d**3 - 51*d**2 - 29*d + 54. Determine h(26).
-24
Let h(c) = -31*c - 169. Calculate h(-6).
17
Let v(i) = -i**3 - 4*i**2 + 8*i + 27. Give v(-6).
51
Let k(n) = -n**3 + 2*n**2 + 10*n - 20. What is k(3)?
1
Let k(h) = 5*h**3 - 4*h + 3. What is k(2)?
35
Let s(m) = 2*m**3 - m**2 + m - 1. Determine s(-2).
-23
Let h(w) = w + 1. Determine h(6).
7
Let y(v) = -v**2 + 5*v - 1. What is y(5)?
-1
Let g(q) = 2*q**2 + 13*q - 9. Calculate g(-7).
-2
Let b(z) = -2*z + 32. Calculate b(0).
32
Let z(w) = -26*w**3 - 3*w**2 + 3*w - 1. What is z(1)?
-27
Let c(h) = h**3 + 3*h**2 - 5*h - 4. Give c(-3).
11
Let d(o) = -o**3 - 21. Determine d(0).
-21
Let f(r) = 9*r - 383. Give f(42).
-5
Let a(f) = -3*f**2 - 2*f + 28. Calculate a(3).
-5
Let l(m) = m**2 + 11*m + 31. Calculate l(-10).
21
Let c(k) = k**3 - 6*k**2 + 3*k + 8. Give c(5).
-2
Let n(h) = h - 9. Determine n(12).
3
Let p(j) = -16*j - 433. Give p(-27).
-1
Let w(l) = -11*l + 8. Give w(1).
-3
Let n(l) = 28*l - 23. Give n(4).
89
Let d(u) = u - 11. Determine d(5).
-6
Let y(c) = -2*c - 1. Determine y(5).
-11
Let b(n) = 4*n**2 - 8*n - 7. Determine b(-1).
5
Let l(o) = o + 2. Determine l(-7).
-5
Let b(z) = z**3 - 20*z**2 - 3. What is b(20)?
-3
Let q(p) = -9*p**3 + 2*p**2 - 1. What is q(-1)?
10
Let j(b) = 8*b**2 - 2*b + 5. Determine j(2).
33
Let b(g) = -3*g + 1. What is b(-2)?
7
Let f(x) = -12*x - 10. Determine f(2).
-34
Let d(m) = 3*m**3 - 2*m**2 + 3. Determine d(-2).
-29
Let h(w) = -4*w + 7. Determine h(3).
-5
Let m(h) = h**3 - 4*h**2 - 3*h + 17. Calculate m(5).
27
Let a(h) = h**2 + 18*h - 48. Determine a(-19).
-29
Let j(r) = r**3 + 4*r**2 - 4*r - 2. Calculate j(-5).
-7
Let b(d) = -3*d**2 + 24*d - 7. Calculate b(6).
29
Let x(m) = m + 10. What is x(1)?
11
Let s(h) = 27*h**3 - h**2 + h + 1. Determine s(1).
28
Let v(a) = -a**3 - 2*a**2 + 8*a - 3. Give v(2).
-3
Let i(s) = -s**2 - 13*s + 20. Give i(-14).
6
Let s(y) = y**3 + 6*y**2 - 8*y + 3. What is s(-7)?
10
Let b(l) = 18*l - 1. Determine b(-1).
-19
Let w(s) = s**3 - 4*s**2 - 2*s + 5. Determine w(3).
-10
Let d(p) = -3*p - 16. Determine d(-6).
2
Let x(w) = 15*w - 9. What is x(-4)?
-69
Let v(p) = 2*p**2 - 10*p - 4. Give v(8).
44
Let k(u) = -u**3 + 19*u**2 - 16*u - 38. What is k(18)?
-2
Let i(s) = -s**3 - 12*s**2 - 23*s - 20. Calculate i(-10).
10
Let w(b) = -b**3 - 6*b**2 - 5. Give w(-6).
-5
Let h(u) = -u**2 + 3*u - 3. Give h(6).
-21
Let m(v) = v**3 - 5*v**2 - 4*v - 1. Determine m(-3).
-61
Let l(j) = -j**2 - 18*j + 11. Determine l(-17).
28
Let d(g) = 2*g**2 - 27*g + 12. Give d(13).
-1
Let j(z) = 21*z - 22. Calculate j(-3).
-85
Let o(m) = m**3 + 9*m**2 - 25*m - 36. What is o(-11)?
-3
Let z(c) = -c**3 - 2*c**2 + c - 25. Calculate z(-4).
3
Let k(z) = -z**3 + 3*z**2 + 5*z + 1. Determine k(-2).
11
Let t(m) = m**3 - 2*m**2 - 2*m + 2. Determine t(-3).
-37
Let c(v) = v**2 + 41*v + 205. Determine c(-6).
-5
Let o(x) = 8*x**2 + x - 3. What is o(1)?
6
Let w(z) = 7*z**3 + z**2 - 5*z + 5. Give w(1).
8
Let w(g) = -g**3 + 7*g**2 + 10*g - 3. Calculate w(7).
67
Let u(y) = -y**3 + 2*y**2 + 5*y - 4. Determine u(3).
2
Let a(n) = -n**3 + 9*n**2 + 3*n + 3. Determine a(9).
30
Let b(o) = -o**3 + 7*o**2 - 24*o + 163. Calculate b(6).
55
Let q(u) = -u**2 + 11*u - 5. Give q(12).
-17
Let j(t) = -3*t**3 + 2*t**2 + 3*t - 5. Calculate j(2).
-15
Let w(k) = -2*k**3 - 4*k**2 + k - 2. What is w(-4)?
58
Let k(t) = 4*t - 25. Give k(6).
-1
Let q(f) = -f + 1. Calculate q(-5).
6
Let w(i) = -i**3 + 6*i**2 + 8*i - 53. Give w(6).
-5
Let c(q) = 23*q - 68. Give c(4).
24
Let b(i) = -5*i**2 + 29*i - 33. Give b(5).
-13
Let t(k) = k**3 - 2*k**2 - 6*k - 3. Calculate t(-2).
-7
Let o(k) = -k**2 + 2*k + 70. What is o(-8)?
-10
Let t(j) = -43*j + 166. Determine t(4).
-6
Let x(p) = 3*p - 11. Determine x(6).
7
Let q(o) = -5*o**2 + 2*o + 4. Calculate q(-1).
-3
Let d(v) = 15*v**2 - v + 1. Determine d(1).
15
Let o(a) = a**3 - 3*a**2 - 3*a. Determine o(3).
-9
Let r(i) = i**2 - 5*i - 11. Calculate r(6).
-5
Let a(r) = -r**3 + 22*r**2 + 25*r - 3. What is a(23)?
43
Let i(t) = t**3 + 21*t**2 - 24*t - 45. Calculate i(-22).
-1
Let z(v) = 3*v + 15. Calculate z(14).
57
Let n(m) = 125*m + 630. Determine n(-5).
5
Let h(u) = u**3 - 10*u**2 + 10*u + 19. Give h(9).
28
Let k(v) = -2*v**3 - 17*v**2 - 21*v + 23. Determine k(-7).
23
Let k(a) = 13*a - 58. Determine k(5).
7
Let n(x) = x**3 - 14*x**2 + 36*x - 34. Determine n(11).
-1
Let a(m) = -m**3 + 4*m**2 + 6*m - 9. Calculate a(4).
15
Let t(g) = g**3 - 4*g**2 - 8*g + 15. Determine t(6).
39
Let s(j) = j**3 - j**2 + j + 19. Calculate s(0).
19
Let h(q) = q**3 - 2*q**2 + 4*q + 5. Determine h(4).
53
Let a(c) = c**2 + 24*c - 37. Calculate a(-15).
-172
Let p(v) = -v**2 - 13*v - 17. Give p(-12).
-5
Let v(c) = -c**3 + 7*c**2 - 9*c - 1. Calculate v(9).
-244
Let l(g) = -g**3 - 3*g**2 - 5*g + 3. Give l(-5).
78
Let n(z) = z**3 + 3*z**2 - 2*z + 2. What is n(-4)?
-6
Let g(t) = -t + 2. Give g(7).
-5
Let w(g) = -g**3 - g**2 - 2*g - 8. Give w(-4).
48
Let n(q) = 13*q - 7. Calculate n(3).
32
Let k(q) = q**3 + q**2 + 2*q + 3. Determine k(-2).
-5
Let c(n) = n**2 - 7. What is c(5)?
18
Let j(o) = 14*o + 472. What is j(-33)?
10
Let k(b) = -4*b**2 - 49*b + 36. What is k(-13)?
-3
Let s(g) = -3*g**2 - 9*g. Determine s(-6).
-54
Let l(z) = -16*z**2 - z + 2. What is l(-2)?
-60
Let z(h) = -h**3 + 6*h**2 + 2*h + 8. Give z(6).
20
Let f(h) = h**3 + 14*h**2 + 11*h - 11. Give f(-13).
15
Let k(l) = -l + 11. Determine k(6).
5
Let b(q) = q**2 - 9*q - 31. Calculate b(12).
5
Let q(t) = -5*t + 153. Calculate q(27).
18
Let z(f) = 6*f + 9. What is z(-4)?
-15
Let r(n) = -4*n - 3. Calculate r(4).
-19
Let x(j) = -7*j**2 - j - 2. Determine x(-1).
-8
Let s(l) = -l**2 - 6*l + 9. Give s(-8).
-7
Let q(d) = d**3 - 3*d**2 - 3*d + 2. Give q(-3).
-43
Let i(l) = -l**3 + 5*l**2 + 2*l - 2. What is i(5)?
8
Let y(s) = s**3 + 3*s**2 - 25*s - 1. Determine y(-6).
41
Let d(p) = -p**3 - 55*p**2 - 39*p + 816. Determine d(-54).
6
Let r(c) = -c**3 + 8*c**2 + 7*c + 15. Give r(9).
-3
Let u(b) = -33*b**3 + b**2 - 2*b + 1. Give u(1).
-33
Let i(n) = n**3 - 3*n**2 + 2*n - 3. Determine i(2).
-3
Let f(q) = q + 33. Give f(-19).
14
Let i(m) = -m + 1. Determine i(7).
-6
Let u(n) = -n**3 - 14*n**2 - 25*n - 12. Calculate u(-12).
0
Let o(d) = d**3 - 11*d**2 - 61*d - 22. Give o(15).
-37
Let z(o) = -o**3 + 21*o**2 - 36*o - 34. Determine z(19).
4
Let d(f) = 2*f - 18. Give d(-13).
-44
Let r(b) = b**3 + 7*b**2 - 7. What is r(-7)?
-7
Let k(i) = i**2 - 5*i - 12. Give k(6).
-6
Let r(n) = -3*n - 24. Determine r(-7).
-3
Let t(u) = -4*u - 136. What is t(-34)?
0
Let x(a) = a**3 + 45*a**2 - 95*a - 72. Calculate x(-47).
-25
Let s(q) = 2*q**3 + q**2 - q + 1. Determine s(1).
3
Let a(s) = -s**3 - 3*s**2 + 11*s + 12. Calculate a(-6).
54
Let s(o) = 2*o**2 + 47*o + 269. What is s(-9)?
8
Let m(d) = -d**3 - 2*d**2 - 2*d + 5. Determine m(-4).
45
Let p(y) = -2*y - 16. What is p(-13)?
10
Let s(v) = 7*v**2 + 54*v - 11. Determine s(-8).
5
Let g(p) = 31*p**3 + 2*p**2 + 19*p - 20. Calculate g(1).
32
Let y(h) = 3*h**2 - 2*h - 3. What is y(-1)?
2
Let g(i) = 8*i**2 - 41*i + 3. Give g(5).
-2
Let t(a) = 4*a**2